02*-6*2/(-24)?
1
Let u = 795 + -424. What is the units digit of (-3)/(-7) - u/(-49)?
8
Suppose 5*z - 21 = 19. Let o = z - -2. Suppose -7 + o = j. What is the units digit of j?
3
Let b(s) = 10*s + 5. Let d(f) = f - 1. Suppose -2*v + 6 = 8. Let h(c) = v*b(c) - 2*d(c). What is the tens digit of h(-3)?
3
Let t(d) = 19*d - 6*d + 19 - 12*d. What is the tens digit of t(-6)?
1
Let y(n) = -2*n**2 + 19*n - 5. Let z be y(9). Suppose -9 = -3*v, 4*g - z*v + 3*v = 325. What is the units digit of g?
2
Suppose 0 = 2*b - 6 - 20. Let l(u) = 11*u + 1. Let c be l(b). Suppose 5*p = 2*p - y + 92, 0 = -5*p + 3*y + c. What is the tens digit of p?
3
Suppose 12 = 5*r + 87. Let h = r + 15. Suppose h = 3*w + 12, -w + 36 = 3*k + k. What is the tens digit of k?
1
Let u be (-2)/((-8)/(-236))*-1. Let j = u - 17. What is the units digit of j?
2
Let g = -43 - -64. Let k be 105/g*(-3)/(-5). Suppose k*u - b - 159 = 0, 212 = 4*u - 2*b + 5*b. What is the units digit of u?
3
Let n be (-118)/(-6) + 5/15. Suppose -2*a - 2*a = n, 5*t + 2*a + 20 = 0. What is the units digit of (t + 5)/((-1)/(-9))?
7
Let r(f) = -414*f + 354. What is the hundreds digit of r(-6)?
8
Let c(f) = f - 2. Let x be c(4). Suppose x*p = 5*p. Suppose 4*n - 112 = -p*n. What is the units digit of n?
8
Suppose 0 = -16*k + 681 + 807. What is the tens digit of k?
9
Suppose -v - 4890 = -5*n, -5810 = -4*n + v - 1898. What is the hundreds digit of n?
9
Let n(p) = 6*p**2 - 3*p + 4. Suppose 2*y = d + 2, -4*d - 5*y = -3 + 11. Let q be 4*d/(-4)*1. What is the units digit of n(q)?
2
Let l be (-2460)/225*(-6)/(-4)*-5. Let y = l - 21. What is the units digit of y?
1
Let h = 83 + -94. Let b(n) = 14*n**2 + 1. Let t be b(1). Let c = t - h. What is the units digit of c?
6
Let p(v) = -v**2 - 1. Let o be p(1). Let s be (o + 4/8)*-6. Let n(d) = 2*d + 6. What is the tens digit of n(s)?
2
Let h be ((-5616)/120)/((-1)/(-25)). What is the units digit of (-6)/(-4) - h/36?
4
Suppose 3*j - 56 = -11. Suppose 2*u + 283 + j = 4*t, -5*u - 161 = -2*t. What is the tens digit of t?
7
Let m(k) = k**3 - 31*k**2 - 62*k - 73. What is the units digit of m(34)?
7
What is the hundreds digit of -6 - (8 - (843 + -4))?
8
Let u(b) = 2*b**2 + 2*b + 3. Let q be (18 - 3)*4/10. Suppose s = 4*s + q. What is the units digit of u(s)?
7
Let a = 3335 - 1392. What is the tens digit of a?
4
Let z be (2/(-12) - (-2558)/12) + 0. Let r = -114 + z. What is the tens digit of r?
9
Let i(q) = 6*q - 2*q - q**3 + q**2 + 4*q**2 + 6. Let j be i(6). What is the tens digit of (-280)/j - (-6)/(-9)?
4
Suppose 33 = 3*g - 54. Suppose -j - 11 = g. What is the units digit of (j/12)/(4/(-6))?
5
Let p(z) = -3*z - 1. Let d be p(-2). Suppose 0 = -4*r + 5*v + 41, r + 4*v - 10 = -d. Suppose 0*a - 3*a + r = 0. What is the units digit of a?
3
Let h(i) be the second derivative of -i**4/12 - 17*i**3/6 - 19*i**2/2 + 9*i. What is the units digit of h(-14)?
3
Let y(u) = -u**2 + 7*u + 8. Let c be y(8). Suppose 0 = 2*g - c*g. Suppose -5*h + 5*t + 37 + 123 = g, -3*h + 2*t + 91 = 0. What is the tens digit of h?
2
Let d be 2 + ((-18)/(-3))/(-3). Suppose -w + 19 = -d*w. Let p = w - 4. What is the units digit of p?
5
Let p(f) = -f**3 + f**2 - f + 1. Let g(j) = -19*j**2 + 6*j - 40. Let r(y) = -g(y) - p(y). What is the tens digit of r(-18)?
2
Suppose 5*y - 3*g - 891 - 272 = 0, 2*y - 4*g - 468 = 0. Suppose 4*n - 2*u + 0*u - y = 0, 5*u = n - 76. What is the units digit of 2/(-10) + n/5?
1
Suppose 0 = 5*x, 3*c - 4*x - 804 = 1794. What is the units digit of c?
6
Let l(p) = -5*p**3 - 4*p**2 + 4. Let r be 2 + (-8 - 3/(-1)). What is the units digit of l(r)?
3
Let z = 837 - 584. Suppose -5*c + z + 252 = 0. What is the units digit of c?
1
Let g be (-6)/21 - (-1796)/14. Suppose 0 = -2*k + 34 + g. What is the tens digit of k?
8
Suppose -2*q - 2*o - 27 = -247, -3*o - 542 = -5*q. Let x = 111 - q. What is the units digit of x?
2
Let p = 60 - 55. Suppose 0 = -p*k - 3*q + 219, 4*q - 143 = -5*k + 74. What is the tens digit of k?
4
Let k(b) = b**3 - 9*b**2 + 4. Let m be k(9). Let a(p) = p**2 - 5*p + 8. Let f be a(m). Suppose j + 198 = 4*j - 3*i, i = f*j - 255. What is the units digit of j?
3
Suppose -4*p = -5*j - 9*p + 1560, -5*j = 3*p - 1550. What is the units digit of j?
7
Let v be (-453)/(-13) + (-378)/78 + 5. What is the tens digit of 0/(-1) + (-3 - v*-3)?
0
Let p be ((-8)/(-5))/((-2)/(-155)). Let a = -81 - -92. Suppose 7*z + p = a*z. What is the units digit of z?
1
Suppose 0*y + 10 = 5*y, -2*g = 2*y + 118. Let h = g - -123. What is the units digit of h?
2
Let p = -509 + 1250. What is the hundreds digit of p?
7
Suppose s + 5*a + 20 = 3*s, 4*s - 22 = a. Suppose -s*r + 87 = -183. What is the tens digit of r?
5
What is the hundreds digit of 23930/45 + (-6)/(-27)?
5
Suppose -16683 = 66*w - 226893. What is the thousands digit of w?
3
Suppose g - 5 - 4 = -4*i, 5*g - 60 = -5*i. Let s = g - 9. What is the units digit of (22/s)/(12/48)?
2
Let i = 19 - 16. Let o(z) = 12*z. Let j be o(2). Suppose 0*f = i*f - j. What is the units digit of f?
8
Let f = 66 - 42. Let a be (-434)/(-6) + 16/f. Suppose 0 = 5*u + 5*q - 350, -u + 2*q = -2*u + a. What is the tens digit of u?
6
What is the tens digit of (-54)/81 - 8/6 - -863?
6
Suppose 962 = 3*b + 95. What is the tens digit of b?
8
Suppose 4*u + 3*i - 7513 = 0, -3*i + 1571 = -5*u + 10969. What is the thousands digit of u?
1
What is the hundreds digit of (8440/10)/((-2)/(-3))?
2
Let x(u) = -31*u - 143. What is the hundreds digit of x(-26)?
6
Let w = 29 - 6. Let z = 39 + w. What is the units digit of z?
2
Let s = -13 + 13. Let w be 32/24*(6 - s). What is the units digit of 138/w + (-9)/(-12)?
8
Suppose 13*m = t + 11*m - 4408, 3*t - 3*m = 13239. What is the hundreds digit of t?
4
Suppose -1072 = -3*r - 5*f, 15*f = -2*r + 16*f + 706. What is the tens digit of r?
5
Let f(o) be the third derivative of -6*o**2 + 0*o + 0*o**4 + 1/2*o**3 - 1/120*o**6 - 1/60*o**5 + 0. What is the tens digit of f(-3)?
2
Let t be 4 + -48*8/(-4). Let j(m) = 10*m + 9. Let n be j(-8). Let l = n + t. What is the units digit of l?
9
Suppose -4*l = 2*q + 12, 0 = 2*l - 0*l + 8. What is the tens digit of 17/(q/5 - 99/385)?
1
Let t(z) = 71*z**2 + 35*z + 39. What is the units digit of t(-6)?
5
Let v(m) = -2*m**3 + 15*m**2 + 6*m + 7. What is the units digit of v(-6)?
3
Let t(g) = -5*g**3 - g**2 + 6*g - 5. Let f(k) = k**3 - k. Suppose -10 = -2*m, 3*m + 0*m = 5*o + 45. Let w(x) = o*f(x) - t(x). What is the units digit of w(0)?
5
Let s = -36 + 44. What is the units digit of (2/(-4))/(2 + (-18)/s)?
2
Let i(q) = 6*q**2 + 32*q - 39. Let y(z) = 5*z**2 + 32*z - 37. Let n(s) = -3*i(s) + 4*y(s). What is the tens digit of n(-22)?
3
Suppose d - 17 = -0*d. Suppose a + d = -5*l + l, 4*a = 5*l - 5. What is the units digit of 177/9 + 2/l?
9
Let s(y) = -10*y - 14. Let q(k) = -k**3 - 6*k**2 - 3*k + 4. Let l be q(-5). What is the tens digit of s(l)?
4
Suppose -8*o + 40 = -4*o. Let v = -10 + o. Suppose 7*s - 3*s - 204 = v. What is the tens digit of s?
5
Let n be 0/(20/5 + -6). What is the units digit of (-12)/12 - (2 - 79 - n)?
6
Suppose -h = k - 3*h - 199, 3*h - 633 = -3*k. What is the tens digit of k?
0
Suppose -20 + 0 = -4*x. Suppose -3*o + m + 16 = 0, 8*o = 3*o - x*m. Suppose -i = c - 20, o*i = -0*c + 2*c + 68. What is the tens digit of i?
1
Let a(o) = o**3 - 22*o**2 - 21*o + 18. Let j(t) = t**2 + 7. Let f be j(4). What is the tens digit of a(f)?
6
What is the hundreds digit of 2319*6*11/99?
5
Suppose 11244 = -12*k + 40620. What is the units digit of k?
8
Suppose 3*b - 4*l - 176 = 111, 3*l + 371 = 4*b. Let d = 131 - b. What is the units digit of d?
2
Let u be 45272/72 + -1 + (-2)/(-9). Let r = u - 444. What is the units digit of r?
4
Let u be (0 - 1) + -4 + 7. Suppose -2*l = d + 53, u*l - 19 = 3*l + 2*d. Let n = 46 + l. What is the tens digit of n?
1
Let a = 14 + -10. Suppose -2*z - 5*u = 5 + 2, -12 = a*u. Suppose 0*c = -z*c + 32. What is the units digit of c?
8
Let k(c) = -c**3 + 13*c**2 - 8*c + 12. Let i be k(12). Suppose 0 = 3*d + 2*d - i. What is the tens digit of d?
1
Suppose 8*r - 4*r = 12. Let o be (r + -8)*2/(-2). Suppose 4 + o = t. What is the units digit of t?
9
Let x(r) = -r**3 - 12*r**2 - 20*r - 24. What is the tens digit of x(-14)?
4
Let g = -1 - 0. Let h(k) be the first derivative of 13*k**3/3 + k**2/2 + 12. What is the tens digit of